51?
True
Is 502 a factor of 3135940?
False
Does 10 divide 1552340?
True
Does 19 divide 104363?
False
Is 1255564 a multiple of 1904?
False
Is 55410 a multiple of 10?
True
Is 19 a factor of 199011?
False
Is 456 a factor of 3446217?
False
Does 12 divide 489104?
False
Does 13 divide 353899?
True
Does 43 divide 31403?
False
Is 84 a factor of 101170?
False
Is 61 a factor of 3170175?
False
Does 5 divide 30509?
False
Is 16790 a multiple of 46?
True
Is 161 a factor of 17864145?
False
Is 27 a factor of 53500?
False
Is 210500 a multiple of 50?
True
Does 99 divide 146312?
False
Is 3645674 a multiple of 2410?
False
Does 386 divide 725733?
False
Does 5 divide 12693?
False
Is 76 a factor of 689776?
True
Is 334 a factor of 25463?
False
Is 91608 a multiple of 22?
True
Is 366860 a multiple of 83?
True
Is 135090 a multiple of 33?
False
Is 52 a factor of 1707875?
False
Is 40870 a multiple of 67?
True
Is 98 a factor of 968828?
True
Is 3396352 a multiple of 45?
False
Is 776 a factor of 8905432?
False
Is 96579 a multiple of 27?
True
Is 2493180 a multiple of 27?
True
Is 68 a factor of 6714116?
True
Does 38 divide 43056?
False
Is 89 a factor of 414473?
True
Is 3778292 a multiple of 259?
True
Does 12 divide 467165?
False
Does 125 divide 465625?
True
Is 159762 a multiple of 12?
False
Is 2 a factor of 151?
False
Is 16562 a multiple of 49?
True
Is 453245 a multiple of 65?
True
Is 2018824 a multiple of 818?
True
Does 42 divide 1942523?
False
Is 468715 a multiple of 559?
False
Does 154 divide 23408?
True
Is 10300494 a multiple of 158?
True
Is 3668272 a multiple of 1160?
False
Is 10 a factor of 512075?
False
Is 124 a factor of 2031864?
True
Is 254625 a multiple of 15?
True
Does 11 divide 3514209?
False
Is 166 a factor of 2274440?
False
Is 31 a factor of 240281?
True
Does 45 divide 469159?
False
Is 3154932 a multiple of 31?
True
Is 22460009 a multiple of 187?
True
Does 169 divide 90494?
False
Does 483 divide 137013?
False
Does 56 divide 79184?
True
Does 216 divide 370008?
True
Is 79 a factor of 775514?
False
Is 45 a factor of 269716?
False
Does 28 divide 90615?
False
Is 415587 a multiple of 57?
True
Is 341087 a multiple of 44?
False
Does 41 divide 230085?
False
Is 77955 a multiple of 6?
False
Is 25 a factor of 708088?
False
Is 173360 a multiple of 8?
True
Is 3730190 a multiple of 10?
True
Does 18 divide 6722881?
False
Does 4 divide 3952?
True
Does 25 divide 823300?
True
Is 11 a factor of 6673021?
False
Is 318229 a multiple of 190?
False
Does 63 divide 5200335?
True
Is 19 a factor of 17841?
True
Is 34 a factor of 392570?
False
Is 4254707 a multiple of 1088?
False
Is 6 a factor of 5100?
True
Is 18 a factor of 1503808?
False
Is 97 a factor of 16490?
True
Is 883452 a multiple of 92?
False
Is 628810 a multiple of 14?
True
Is 659109 a multiple of 22?
False
Is 61 a factor of 656514?
False
Is 3242167 a multiple of 39?
False
Is 13 a factor of 535505?
False
Is 446976 a multiple of 512?
True
Does 177 divide 52746?
True
Does 40 divide 654640?
True
Is 305023 a multiple of 12?
False
Does 155 divide 64015?
True
Is 1908833 a multiple of 281?
True
Does 13 divide 184884?
False
Is 19 a factor of 7747?
False
Does 306 divide 568876?
False
Does 13 divide 2009834?
False
Is 21 a factor of 48594?
True
Is 218438 a multiple of 11?
True
Is 225918 a multiple of 27?
False
Is 222073 a multiple of 126?
False
Is 90 a factor of 361890?
True
Is 2829917 a multiple of 893?
True
Is 88 a factor of 3941767?
False
Is 55 a factor of 4354460?
True
Is 5 a factor of 65684?
False
Does 1034 divide 1119822?
True
Is 8 a factor of 85333?
False
Is 691062 a multiple of 45?
False
Is 174697 a multiple of 2?
False
Does 7 divide 840271?
False
Is 504339 a multiple of 33?
True
Is 561 a factor of 593325?
False
Is 5 a factor of 156026?
False
Is 4 a factor of 14201?
False
Is 86 a factor of 703996?
True
Is 40 a factor of 207796?
False
Does 243 divide 1473552?
True
Is 293328 a multiple of 16?
True
Is 155855 a multiple of 5?
True
Is 6280482 a multiple of 219?
True
Is 3726734 a multiple of 6?
False
Does 51 divide 3825?
True
Does 462 divide 171238?
False
Is 80 a factor of 54080?
True
Is 49955 a multiple of 103?
True
Is 217692 a multiple of 19?
False
Does 144 divide 1464336?
True
Is 44058 a multiple of 14?
True
Is 772 a factor of 47864?
True
Does 15 divide 58916?
False
Is 35 a factor of 34335?
True
Does 47 divide 14740490?
False
Is 630 a factor of 4162732?
False
Does 2 divide 746809?
False
Is 90250 a multiple of 125?
True
Is 9 a factor of 203576?
False
Is 254 a factor of 998474?
True
Does 3 divide 1404170?
False
Does 8 divide 220352?
True
Is 5283308 a multiple of 8?
False
Is 70525 a multiple of 217?
True
Is 306374 a multiple of 3?
False
Is 37833 a multiple of 10?
False
Does 105 divide 231315?
True
Is 1871523 a multiple of 203?
False
Does 4 divide 139216?
True
Does 14 divide 4025359?
False
Does 40 divide 268710?
False
Does 36 divide 27746?
False
Is 2 a factor of 19187?
False
Does 1365 divide 3671850?
True
Is 1638418 a multiple of 4?
False
Does 13 divide 86036?
False
Does 13 divide 519542?
False
Does 18 divide 4533804?
True
Is 2197 a factor of 13365225?
False
Does 24 divide 2602008?
True
Does 2 divide 79401?
False
Does 583 divide 2119083?
False
Is 216124 a multiple of 183?
False
Does 21 divide 78267?
True
Is 449008 a multiple of 211?
True
Is 1302 a factor of 8680100?
False
Is 861624 a multiple of 21?
False
Is 2735500 a multiple of 20?
True
Is 875 a factor of 2207625?
True
Is 57 a factor of 8111?
False
Is 1168992 a multiple of 32?
True
Does 44 divide 122723?
False
Is 8 a factor of 40680?
True
Does 16 divide 1064708?
False
Is 138 a factor of 505632?
True
Does 23 divide 3344039?
True
Does 24 divide 280272?
True
Is 366788 a multiple of 47?
True
Does 12 divide 112716?
True
Is 2342076 a multiple of 12?
True
Does 23 divide 3109683?
False
Does 15 divide 114120?
True
Is 42 a factor of 846490?
False
Is 1207304 a multiple of 61?
False
Is 224992 a multiple of 5?
False
Does 7 divide 1282519?
True
Is 3829752 a multiple of 43?
True
Does 20 divide 1862516?
False
Is 536575 a multiple of 13?
True
Is 95734 a multiple of 65?
False
Does 651 divide 1102871?
False
Is 29 a factor of 1544627?
True
Is 25 a factor of 62150?
True
Is 415752 a multiple of 8?
True
Does 235 divide 5545304?
False
Does 154 divide 207090?
False
Is 345386 a multiple of 229?
False
Does 54 divide 16578?
True
Is 30348 a multiple of 12?
True
Is 2687608 a multiple of 34?
False
Is 5389580 a multiple of 1124?
True
Is 134 a factor of 1517684?
True
Does 58 divide 32654?
True
Does 163 divide 635374?
True
Is 1065487 a multiple of 10?
False
Is 303947 a multiple of 77?
False
Does 43 divide 95904?
False
Is 32 a factor of 88049?
False
Does 110 divide 1176073?
False
Is 95 a factor of 6128545?
True
Is 22 a factor of 54028?
False
Does 12 divide 91230?
False
Does 635 divide 4329430?
True
Does 411 divide 10828040?
False
Does 110 divide 13877930?
True
Is 274426 a multiple of 768?
False
Does 13 divide 151658?
True
Does 34 divide 127958?
False
Does 31 divide 540473?
False
Does 555 divide 747585?
True
Is 400372 a multiple of 75?
False
Does 45 divide 48105?
True
Is 3197000 a multiple of 137?
False
Is 10155 a multiple of 15?
True
Does 7 divide 8545439?
True
Does 19 divide 315403?
False
Does 5 divide 730975?
True
Is 181602 a multiple of 27?
True
Does 11 divide 2577?
False
Is 500 a factor of 33500?
True
Is 4715660 a multiple of 20?
True
Does 7 divide 7222495?
True
Is 286450 a multiple of 10?
True
Is 192375 a multiple of 19?
True
Is 48888 a multiple of 84?
True
Is 6249619 a multiple of 410?
False
Does 40 divide 7382?
False
Is 4055868 a multiple of 199?
False
Does 81 divide 585796?
False
Is 650508 a multiple of 6?
True
Is 1374246 a multiple of 16?
False
Is 271 a factor of 600807?
True
Is 5265841 a multiple of 828?
False
Does 293 divide 1171155?
False
Is 724234 a multiple of 119?
True
Is 5 a factor of 55040?
True
Does 221 divide 62164?
False
Does 13 divide 159798?
False
Does 4 divide 24633?
False
Is 118 a factor of 5670251?
False
Is 24 a factor of 26758?
False
Is 30 a factor of 64411?
False
Does 265 divide 10390915?
True
Is 64390 a multiple of 5?
True
Is 271 a factor of 173982?
True
Is 496 a multiple of 272?
False
Is 87860 a multiple of 115?
True
Does 126 divide 1754174?
False
Does 27 divide 169843?
False
Does 68 divide 